{"id":10644,"date":"2023-07-21T10:21:37","date_gmt":"2023-07-21T14:21:37","guid":{"rendered":"https:\/\/www.merkley.senate.gov\/?page_id=10644"},"modified":"2023-07-21T10:22:35","modified_gmt":"2023-07-21T14:22:35","slug":"protecting-our-environment","status":"publish","type":"page","link":"https:\/\/www.merkley.senate.gov\/es\/protecting-our-environment\/","title":{"rendered":"Protegiendo Nuestro Medio Ambiente"},"content":{"rendered":"<div data-elementor-type=\"wp-page\" data-elementor-id=\"10644\" class=\"elementor elementor-10644\" data-elementor-post-type=\"page\">\n\t\t\t\t\t\t<section class=\"elementor-section elementor-top-section elementor-element elementor-element-0968197 elementor-section-boxed elementor-section-height-default elementor-section-height-default\" data-id=\"0968197\" data-element_type=\"section\" data-e-type=\"section\">\n\t\t\t\t\t\t<div class=\"elementor-container elementor-column-gap-default\">\n\t\t\t\t\t<div class=\"elementor-column elementor-col-100 elementor-top-column elementor-element elementor-element-cdfada1\" data-id=\"cdfada1\" data-element_type=\"column\" data-e-type=\"column\">\n\t\t\t<div class=\"elementor-widget-wrap elementor-element-populated\">\n\t\t\t\t\t\t<div class=\"elementor-element elementor-element-aff4dc4 elementor-widget elementor-widget-text-editor\" data-id=\"aff4dc4\" data-element_type=\"widget\" data-e-type=\"widget\" data-widget_type=\"text-editor.default\">\n\t\t\t\t<div class=\"elementor-widget-container\">\n\t\t\t\t\t\t\t\t\t<p>viernes, 19 de octubre de 2018<\/p><p>Como nativo de Oreg\u00f3n, Jeff disfruta pasar tiempo al aire libre en la belleza de nuestro gran estado siempre que sea posible. Jeff hace de la protecci\u00f3n del medio ambiente una alta prioridad y trabaja con pasi\u00f3n para obtener fondos federales para proyectos que preservan las hermosas tierras y la vida silvestre de Oreg\u00f3n y mejoran el acceso a la recreaci\u00f3n.<\/p><p><span style=\"color: var( --e-global-color-text ); font-family: var( --e-global-typography-text-font-family ), Sans-serif; font-size: var( --e-global-typography-text-font-size ); font-weight: var( --e-global-typography-text-font-weight ); background-color: var( --e-global-color-secondary );\">En 2018, Jeff ayud\u00f3 a obtener tres subvenciones importantes de la Agencia de Protecci\u00f3n Ambiental (EPA) para proyectos en Oreg\u00f3n. La tribu Burns-Paiute recibi\u00f3 $215,000 en dinero federal para un proyecto de un a\u00f1o destinado a aumentar la sostenibilidad bajo el Proyecto de Asistencia General y la Ley de Agua Clara. Adem\u00e1s, se entregaron $69,525 al Consejo de Gobiernos de Lane para su proyecto de mejora de la planificaci\u00f3n local de humedales. Busca utilizar nuevas tecnolog\u00edas para mejorar la evaluaci\u00f3n y protecci\u00f3n de los humedales. Adem\u00e1s, con el apoyo y la defensa de Jeff, las Tribus Confederadas de Indios Siletz recibieron $177,314 para desarrollar la capacidad tribal para la planificaci\u00f3n de recursos y la restauraci\u00f3n del h\u00e1bitat. Las tribus tambi\u00e9n planean expandir el Plan del Programa de Humedales y realizar evaluaciones esenciales de los humedales.<\/span><\/p><p><span style=\"color: var( --e-global-color-text ); font-family: var( --e-global-typography-text-font-family ), Sans-serif; font-size: var( --e-global-typography-text-font-size ); font-weight: var( --e-global-typography-text-font-weight ); background-color: var( --e-global-color-secondary );\">Jeff continuar\u00e1 con sus esfuerzos para asegurarse de que los proyectos ambientales en el estado reciban fondos federales para ayudar a mitigar los efectos del cambio clim\u00e1tico y la contaminaci\u00f3n.<\/span><\/p>\t\t\t\t\t\t\t\t<\/div>\n\t\t\t\t<\/div>\n\t\t\t\t\t<\/div>\n\t\t<\/div>\n\t\t\t\t\t<\/div>\n\t\t<\/section>\n\t\t\t\t<\/div>","protected":false},"excerpt":{"rendered":"<p>Friday, October 19, 2018 As a native Oregonian, Jeff enjoys spending time outdoors in the beauty of our great state whenever possible. Jeff makes environmental protection a high priority, and he works with passion to secure federal funding for projects that preserve the beautiful lands and wildlife of Oregon and improve access for recreation. In [&hellip;]<\/p>\n","protected":false},"author":7,"featured_media":0,"parent":0,"menu_order":0,"comment_status":"closed","ping_status":"closed","template":"","meta":{"_acf_changed":false,"inline_featured_image":false,"footnotes":""},"class_list":["post-10644","page","type-page","status-publish","hentry"],"acf":[],"yoast_head":"<!-- This site is optimized with the Yoast SEO plugin v27.2 - https:\/\/yoast.com\/product\/yoast-seo-wordpress\/ -->\n<title>Protecting Our Environment - Merkley<\/title>\n<meta name=\"robots\" content=\"index, follow, max-snippet:-1, max-image-preview:large, max-video-preview:-1\" \/>\n<link rel=\"canonical\" href=\"https:\/\/www.merkley.senate.gov\/es\/protecting-our-environment\/\" \/>\n<meta property=\"og:locale\" content=\"es_MX\" \/>\n<meta property=\"og:type\" content=\"article\" \/>\n<meta property=\"og:title\" content=\"Protecting Our Environment - Merkley\" \/>\n<meta property=\"og:description\" content=\"Friday, October 19, 2018 As a native Oregonian, Jeff enjoys spending time outdoors in the beauty of our great state whenever possible. Jeff makes environmental protection a high priority, and he works with passion to secure federal funding for projects that preserve the beautiful lands and wildlife of Oregon and improve access for recreation. In [&hellip;]\" \/>\n<meta property=\"og:url\" content=\"https:\/\/www.merkley.senate.gov\/es\/protecting-our-environment\/\" \/>\n<meta property=\"og:site_name\" content=\"Merkley\" \/>\n<meta property=\"article:modified_time\" content=\"2023-07-21T14:22:35+00:00\" \/>\n<meta name=\"twitter:card\" content=\"summary_large_image\" \/>\n<meta name=\"twitter:label1\" content=\"Est. reading time\" \/>\n\t<meta name=\"twitter:data1\" content=\"1 minute\" \/>\n<script type=\"application\/ld+json\" class=\"yoast-schema-graph\">{\"@context\":\"https:\/\/schema.org\",\"@graph\":[{\"@type\":\"WebPage\",\"@id\":\"https:\/\/www.merkley.senate.gov\/protecting-our-environment\/\",\"url\":\"https:\/\/www.merkley.senate.gov\/protecting-our-environment\/\",\"name\":\"Protecting Our Environment - Merkley\",\"isPartOf\":{\"@id\":\"https:\/\/www.merkley.senate.gov\/#website\"},\"datePublished\":\"2023-07-21T14:21:37+00:00\",\"dateModified\":\"2023-07-21T14:22:35+00:00\",\"breadcrumb\":{\"@id\":\"https:\/\/www.merkley.senate.gov\/protecting-our-environment\/#breadcrumb\"},\"inLanguage\":\"es-MX\",\"potentialAction\":[{\"@type\":\"ReadAction\",\"target\":[\"https:\/\/www.merkley.senate.gov\/protecting-our-environment\/\"]}]},{\"@type\":\"BreadcrumbList\",\"@id\":\"https:\/\/www.merkley.senate.gov\/protecting-our-environment\/#breadcrumb\",\"itemListElement\":[{\"@type\":\"ListItem\",\"position\":1,\"name\":\"Home\",\"item\":\"https:\/\/www.merkley.senate.gov\/\"},{\"@type\":\"ListItem\",\"position\":2,\"name\":\"Protecting Our Environment\"}]},{\"@type\":\"WebSite\",\"@id\":\"https:\/\/www.merkley.senate.gov\/#website\",\"url\":\"https:\/\/www.merkley.senate.gov\/\",\"name\":\"Merkley\",\"description\":\"Merkley\",\"potentialAction\":[{\"@type\":\"SearchAction\",\"target\":{\"@type\":\"EntryPoint\",\"urlTemplate\":\"https:\/\/www.merkley.senate.gov\/?s={search_term_string}\"},\"query-input\":{\"@type\":\"PropertyValueSpecification\",\"valueRequired\":true,\"valueName\":\"search_term_string\"}}],\"inLanguage\":\"es-MX\"}]}<\/script>\n<!-- \/ Yoast SEO plugin. -->","yoast_head_json":{"title":"Protecting Our Environment - Merkley","robots":{"index":"index","follow":"follow","max-snippet":"max-snippet:-1","max-image-preview":"max-image-preview:large","max-video-preview":"max-video-preview:-1"},"canonical":"https:\/\/www.merkley.senate.gov\/es\/protecting-our-environment\/","og_locale":"es_MX","og_type":"article","og_title":"Protecting Our Environment - Merkley","og_description":"Friday, October 19, 2018 As a native Oregonian, Jeff enjoys spending time outdoors in the beauty of our great state whenever possible. Jeff makes environmental protection a high priority, and he works with passion to secure federal funding for projects that preserve the beautiful lands and wildlife of Oregon and improve access for recreation. In [&hellip;]","og_url":"https:\/\/www.merkley.senate.gov\/es\/protecting-our-environment\/","og_site_name":"Merkley","article_modified_time":"2023-07-21T14:22:35+00:00","twitter_card":"summary_large_image","twitter_misc":{"Est. reading time":"1 minute"},"schema":{"@context":"https:\/\/schema.org","@graph":[{"@type":"WebPage","@id":"https:\/\/www.merkley.senate.gov\/protecting-our-environment\/","url":"https:\/\/www.merkley.senate.gov\/protecting-our-environment\/","name":"Protecting Our Environment - Merkley","isPartOf":{"@id":"https:\/\/www.merkley.senate.gov\/#website"},"datePublished":"2023-07-21T14:21:37+00:00","dateModified":"2023-07-21T14:22:35+00:00","breadcrumb":{"@id":"https:\/\/www.merkley.senate.gov\/protecting-our-environment\/#breadcrumb"},"inLanguage":"es-MX","potentialAction":[{"@type":"ReadAction","target":["https:\/\/www.merkley.senate.gov\/protecting-our-environment\/"]}]},{"@type":"BreadcrumbList","@id":"https:\/\/www.merkley.senate.gov\/protecting-our-environment\/#breadcrumb","itemListElement":[{"@type":"ListItem","position":1,"name":"Home","item":"https:\/\/www.merkley.senate.gov\/"},{"@type":"ListItem","position":2,"name":"Protecting Our Environment"}]},{"@type":"WebSite","@id":"https:\/\/www.merkley.senate.gov\/#website","url":"https:\/\/www.merkley.senate.gov\/","name":"merkley","description":"merkley","potentialAction":[{"@type":"SearchAction","target":{"@type":"EntryPoint","urlTemplate":"https:\/\/www.merkley.senate.gov\/?s={search_term_string}"},"query-input":{"@type":"PropertyValueSpecification","valueRequired":true,"valueName":"search_term_string"}}],"inLanguage":"es-MX"}]}},"_links":{"self":[{"href":"https:\/\/www.merkley.senate.gov\/es\/wp-json\/wp\/v2\/pages\/10644","targetHints":{"allow":["GET"]}}],"collection":[{"href":"https:\/\/www.merkley.senate.gov\/es\/wp-json\/wp\/v2\/pages"}],"about":[{"href":"https:\/\/www.merkley.senate.gov\/es\/wp-json\/wp\/v2\/types\/page"}],"author":[{"embeddable":true,"href":"https:\/\/www.merkley.senate.gov\/es\/wp-json\/wp\/v2\/users\/7"}],"replies":[{"embeddable":true,"href":"https:\/\/www.merkley.senate.gov\/es\/wp-json\/wp\/v2\/comments?post=10644"}],"version-history":[{"count":4,"href":"https:\/\/www.merkley.senate.gov\/es\/wp-json\/wp\/v2\/pages\/10644\/revisions"}],"predecessor-version":[{"id":10648,"href":"https:\/\/www.merkley.senate.gov\/es\/wp-json\/wp\/v2\/pages\/10644\/revisions\/10648"}],"wp:attachment":[{"href":"https:\/\/www.merkley.senate.gov\/es\/wp-json\/wp\/v2\/media?parent=10644"}],"curies":[{"name":"wp","href":"https:\/\/api.w.org\/{rel}","templated":true}]}}

<div data-elementor-type="wp-page" data-elementor-id="10644" class="elementor elementor-10644" data-elementor-post-type="page">
						<section class="elementor-section elementor-top-section elementor-element elementor-element-0968197 elementor-section-boxed elementor-section-height-default elementor-section-height-default" data-id="0968197" data-element_type="section" data-e-type="section">
						<div class="elementor-container elementor-column-gap-default">
					<div class="elementor-column elementor-col-100 elementor-top-column elementor-element elementor-element-cdfada1" data-id="cdfada1" data-element_type="column" data-e-type="column">
			<div class="elementor-widget-wrap elementor-element-populated">
						<div class="elementor-element elementor-element-aff4dc4 elementor-widget elementor-widget-text-editor" data-id="aff4dc4" data-element_type="widget" data-e-type="widget" data-widget_type="text-editor.default">
				<div class="elementor-widget-container">
									<p>viernes, 19 de octubre de 2018</p><p>Como nativo de Oregón, Jeff disfruta pasar tiempo al aire libre en la belleza de nuestro gran estado siempre que sea posible. Jeff hace de la protección del medio ambiente una alta prioridad y trabaja con pasión para obtener fondos federales para proyectos que preservan las hermosas tierras y la vida silvestre de Oregón y mejoran el acceso a la recreación.</p><p><span style="color: var( --e-global-color-text ); font-family: var( --e-global-typography-text-font-family ), Sans-serif; font-size: var( --e-global-typography-text-font-size ); font-weight: var( --e-global-typography-text-font-weight ); background-color: var( --e-global-color-secondary );">En 2018, Jeff ayudó a obtener tres subvenciones importantes de la Agencia de Protección Ambiental (EPA) para proyectos en Oregón. La tribu Burns-Paiute recibió $215,000 en dinero federal para un proyecto de un año destinado a aumentar la sostenibilidad bajo el Proyecto de Asistencia General y la Ley de Agua Clara. Además, se entregaron $69,525 al Consejo de Gobiernos de Lane para su proyecto de mejora de la planificación local de humedales. Busca utilizar nuevas tecnologías para mejorar la evaluación y protección de los humedales. Además, con el apoyo y la defensa de Jeff, las Tribus Confederadas de Indios Siletz recibieron $177,314 para desarrollar la capacidad tribal para la planificación de recursos y la restauración del hábitat. Las tribus también planean expandir el Plan del Programa de Humedales y realizar evaluaciones esenciales de los humedales.</span></p><p><span style="color: var( --e-global-color-text ); font-family: var( --e-global-typography-text-font-family ), Sans-serif; font-size: var( --e-global-typography-text-font-size ); font-weight: var( --e-global-typography-text-font-weight ); background-color: var( --e-global-color-secondary );">Jeff continuará con sus esfuerzos para asegurarse de que los proyectos ambientales en el estado reciban fondos federales para ayudar a mitigar los efectos del cambio climático y la contaminación.</span></p>								</div>
				</div>
					</div>
		</div>
					</div>
		</section>
				</div>
